{"id":1072,"date":"2011-01-01T14:09:56","date_gmt":"2011-01-01T12:09:56","guid":{"rendered":"http:\/\/www.sachagattino.com\/?page_id=1072"},"modified":"2021-05-28T11:38:28","modified_gmt":"2021-05-28T09:38:28","slug":"issey-miyake","status":"publish","type":"page","link":"https:\/\/www.sachagattino.com\/?page_id=1072","title":{"rendered":"ISSEY MIYAKE"},"content":{"rendered":"<p><strong>(((_ILLUSTRATION MUSICALE BOUTIQUES<\/strong><br \/>\n<strong><img loading=\"lazy\" decoding=\"async\" class=\"alignnone size-full wp-image-2939\" src=\"http:\/\/www.sachagattino.com\/wp-content\/uploads\/2011\/01\/miyake_stores_2015.jpg\" alt=\"\" width=\"530\" height=\"1042\" srcset=\"https:\/\/www.sachagattino.com\/wp-content\/uploads\/2011\/01\/miyake_stores_2015.jpg 696w, https:\/\/www.sachagattino.com\/wp-content\/uploads\/2011\/01\/miyake_stores_2015-152x300.jpg 152w\" sizes=\"auto, (max-width: 530px) 100vw, 530px\" \/><br \/>\n<\/strong>\u2022\u00a0Conception de banques musicales renouvel\u00e9e 2 fois par an pour New-York (2004-2008), Paris (2007-2009) et pour toutes les boutiques au Japon depuis 2008.<br \/>\n[s\u00e9lections de titres r\u00e9alis\u00e9es avec Walter Scassolini (2012-2018)]<\/p>\n<p><strong>(((_D\u00c9FILES homme\/femme,<\/strong> 1999-2011<br \/>\n<a href=\"http:\/\/www.sachagattino.com\/wp-content\/uploads\/2011\/01\/miyake-defiles.jpg\" target=\"_blank\" rel=\"noopener\"><strong><img loading=\"lazy\" decoding=\"async\" class=\"alignnone size-full wp-image-1176\" title=\"cliquer pour agrandir\" src=\"http:\/\/www.sachagattino.com\/wp-content\/uploads\/2011\/01\/miyake-defiles.jpg\" alt=\"\" width=\"530\" height=\"146\" srcset=\"https:\/\/www.sachagattino.com\/wp-content\/uploads\/2011\/01\/miyake-defiles.jpg 1181w, https:\/\/www.sachagattino.com\/wp-content\/uploads\/2011\/01\/miyake-defiles-300x82.jpg 300w, https:\/\/www.sachagattino.com\/wp-content\/uploads\/2011\/01\/miyake-defiles-1024x280.jpg 1024w\" sizes=\"auto, (max-width: 530px) 100vw, 530px\" \/><\/strong><\/a><br \/>\n\u2022 Conception, cr\u00e9ation, illustration, adaptations et sc\u00e9narisation sonore.<br \/>\n\u2022 Plus de 50 d\u00e9fil\u00e9s homme et femme \u00e0\u00a0Paris et\u00a0Milan.<br \/>\n(Mus\u00e9e des Monuments Anciens, Mus\u00e9e de l\u2019Homme, Carrousel du Louvre, \u00c9cole des Beaux-arts de Paris, Mus\u00e9e du Quai Branly, Carreau du temple, Mus\u00e9e d\u2019arts moderne de la ville de paris, Fondation Cartier, Jeu de Paume\u2026).<\/p>\n<p><strong>Auteurs jou\u00e9s, d\u00e9jou\u00e9s, remix\u00e9s et remont\u00e9s<\/strong> : 8 doogymoto, John Adams, African Head Charge, Akufen, Alfred Schnittke, Alva Noto, Aphex Twin, Luigi Archetti &amp; Bo Wiget, Louis Armstrong, Robert Ashley, Atari teenage riot, Alexander Balanescu, Lou Barlow \/ Rudy Trouv\u00e9, Bella Bartok, Pierre Bastien, Pierre Bastien &amp; Alexei Aigui, Luciano Berio, Biosphere, Bisk, Bj\u00f6rk, Xavier Boussiron, Buck 65, Burnt Friedman, Can, Richard Cooke, Cornelius, Claude Debussy, Geoges Delerue, Martin Denny, Martin Denny par Len Stevens, Sussan Deyhim \/ Richard Horowitz, Toumani Diabate \/ Roswell Rudd\u2019s, Toumani Diabate \/ Ballake Sissoko, DISC, Dj Shadow, Dj Spooky, Franco Donatoni, Doopees (Yann Tomita), Dragibus, El\u00e2kel\u00e2iset, Yamantaka Eye &amp; John Zorn, Mark Feldman, Morton Feldman, Fetisch Park, Flanger, Henry Flynt, Gangpol, Philip Glass, Michel Godard, Microstoria, Kyo Ichinose, International People Gang, Phillip Johnston, Jon, Kaada, Eyvind Kang, Konono N\u00b01, Krafwerk, Kronos Quartet, Kronos Quartet plays Thomas Oboe Lee, Le Prisonnier (BO), Le tour du monde en 80 jours (BO), Lucien-N-Luciano, Lucky Hands (Thomas Brinkman plays Jango Reinhardt), Mami Chan, Clint Mansell by Kronos Quartet, Messer Chups, Midisport, Takako Minekawa, Ministry, Modeselektor, Ennio Morricone, Mouse on Mars, Mr Bungle, Mr Oizo, M\u00f9m, Murcof, Muslimgauze, Neina, Otomo Yoshihide, Zeno Okeanos, Hilmar \u00f6rn Hilmarsson, John Oswald, Pacific 231, Betty Page, Frank Pahl, Pan African Orchestra, Pan American, Pan sonic, Bernard Parmeggiani, Arvo P\u00e4rt, People Like us, Pilote, Pluramon, Ghislain Poirier, Pol, Real Intelligence, Angie Reed, Hans Reichel, Jango Reihnhart, Steve Roden, Romulus &amp; Remus, Terje Rypdal, Jordi Savall, Scala, Raymond Scott, Seefeel, Senor Coconut, David Shea, Howard Skempton, Barton Smith, Sonic Youth, Squarpusher, Stock Hausen and Walkman, Stringtronics, Sukia, Sylvain Lem\u00eatre, Lepo Sumera, Tago Mago, Tarwater, John Tavener, The 13th tribe, The Rip off artist, Amon Tobin, Amon Tobin featuring MC Decimal R, Amon Tobin remixed by Kid Koala, Martina Topley, Rafael Toral, Transient Waves, TTC, Piero Umiliani, Vegomatic, Venetian Snares, Tom Waits, Wevie Stonder, Charles Wilp, Xper Xr, Susumu Yokota, Hector Zazou, John Zorn, John Zorn plays the music of Ennio Morricone + nombreux bruitages, \u00e9chantillons sonores de films, prises de sons, effets en direct et cr\u00e9ations.<\/p>\n<p><strong>(((_WEBSITE<\/strong>, \u00a02000-2006<\/p>\n<p><iframe loading=\"lazy\" title=\"Issey Miyake web site 1999-2007\" src=\"https:\/\/player.vimeo.com\/video\/299021582?dnt=1&amp;app_id=122963\" width=\"500\" height=\"375\" frameborder=\"0\" allow=\"autoplay; fullscreen; picture-in-picture; clipboard-write; encrypted-media; web-share\" referrerpolicy=\"strict-origin-when-cross-origin\"><\/iframe><\/p>\n<p>\u2022 Cr\u00e9ations sonores interactives : 18 collections hommes et femmes avec <a href=\"http:\/\/www.my-os.net\/blog\/\" target=\"_blank\" rel=\"noopener\">Etienne Mineur <\/a>\u00e0 la conception et r\u00e9alisation graphique.<br \/>\n\u2022 Pr\u00e9sentation au <em>Design Museum de Londres<\/em> (sept. 2003) et au <em>Centre Georges Pompidou <\/em>(d\u00e9c. 2003) dans le cadre de l\u2019exposition<em> Design interactif, exp\u00e9riences du sensible.<\/em> Elu \u00ab\u00a0best site of the year \u00bb par <em>Practika.net<\/em>.<br \/>\n1<sup>er<\/sup> prix au Flash Festival 2005 cat\u00e9gorie Pr\u00e9sentation.<\/p>\n<p>captures web partie 1 \/ ludique, d\u00e9rision :<br \/>\n<iframe loading=\"lazy\" title=\"Issey Miyake, captures web partie 1 \/ ludique, d\u00e9rision\" width=\"500\" height=\"375\" src=\"https:\/\/www.youtube.com\/embed\/SmwhCUVYyKM?feature=oembed\" frameborder=\"0\" allow=\"accelerometer; autoplay; clipboard-write; encrypted-media; gyroscope; picture-in-picture; web-share\" referrerpolicy=\"strict-origin-when-cross-origin\" allowfullscreen><\/iframe><br \/>\ncaptures web partie 2 \/ le merveilleux, l&rsquo;\u00e9trange :<br \/>\n<iframe loading=\"lazy\" title=\"Issey Miyake, captures web partie 2 \/ le merveilleux, l&#039;\u00e9trange\" width=\"500\" height=\"375\" src=\"https:\/\/www.youtube.com\/embed\/HwiOLgr9Rrs?feature=oembed\" frameborder=\"0\" allow=\"accelerometer; autoplay; clipboard-write; encrypted-media; gyroscope; picture-in-picture; web-share\" referrerpolicy=\"strict-origin-when-cross-origin\" allowfullscreen><\/iframe><br \/>\ncaptures web partie 3 \/ Introductions<br \/>\n<iframe loading=\"lazy\" title=\"Issey Miyake, captures web partie 3 \/ Introductions\" width=\"500\" height=\"375\" src=\"https:\/\/www.youtube.com\/embed\/m87yCy2gYy0?feature=oembed\" frameborder=\"0\" allow=\"accelerometer; autoplay; clipboard-write; encrypted-media; gyroscope; picture-in-picture; web-share\" referrerpolicy=\"strict-origin-when-cross-origin\" allowfullscreen><\/iframe><\/p>\n<p>Quelques\u00a0versions lin\u00e9aires :<\/p>\n<audio class=\"wp-audio-shortcode\" id=\"audio-1072-1\" preload=\"none\" style=\"width: 100%;\" controls=\"controls\"><source type=\"audio\/mpeg\" src=\"http:\/\/www.sachagattino.com\/wp-content\/uploads\/2010\/12\/miyake-webwomen-piano-elec.mp3?_=1\" \/><a href=\"http:\/\/www.sachagattino.com\/wp-content\/uploads\/2010\/12\/miyake-webwomen-piano-elec.mp3\">http:\/\/www.sachagattino.com\/wp-content\/uploads\/2010\/12\/miyake-webwomen-piano-elec.mp3<\/a><\/audio>\n<p><span style=\"color: #339966;\">Femme automne\/hiver 2003-2004<\/span>, pour piano et \u00e9lectronique (04:17)<\/p>\n<audio class=\"wp-audio-shortcode\" id=\"audio-1072-2\" preload=\"none\" style=\"width: 100%;\" controls=\"controls\"><source type=\"audio\/mpeg\" src=\"http:\/\/www.sachagattino.com\/wp-content\/uploads\/2010\/12\/miyake-webmen-aw-06-07-electro.mp3?_=2\" \/><a href=\"http:\/\/www.sachagattino.com\/wp-content\/uploads\/2010\/12\/miyake-webmen-aw-06-07-electro.mp3\">http:\/\/www.sachagattino.com\/wp-content\/uploads\/2010\/12\/miyake-webmen-aw-06-07-electro.mp3<\/a><\/audio>\n<p><span style=\"color: #339966;\">Homme automne\/hiver 2006-2007<\/span>, pour \u00e9lectronique (01:50)<\/p>\n<audio class=\"wp-audio-shortcode\" id=\"audio-1072-3\" preload=\"none\" style=\"width: 100%;\" controls=\"controls\"><source type=\"audio\/mpeg\" src=\"http:\/\/www.sachagattino.com\/wp-content\/uploads\/2010\/12\/miyake-webwomen-aw06-07-souffles.mp3?_=3\" \/><a href=\"http:\/\/www.sachagattino.com\/wp-content\/uploads\/2010\/12\/miyake-webwomen-aw06-07-souffles.mp3\">http:\/\/www.sachagattino.com\/wp-content\/uploads\/2010\/12\/miyake-webwomen-aw06-07-souffles.mp3<\/a><\/audio>\n<p><span style=\"color: #339966;\">Femme automne\/hiver 2006-2007<\/span>, pour souffles de bambous, orgues \u00e0 bouches et \u00e9lectronique (03:02)<\/p>\n<audio class=\"wp-audio-shortcode\" id=\"audio-1072-4\" preload=\"none\" style=\"width: 100%;\" controls=\"controls\"><source type=\"audio\/mpeg\" src=\"http:\/\/www.sachagattino.com\/wp-content\/uploads\/2010\/12\/miyake-webmen-ss2005-rideau-de-pluie.mp3?_=4\" \/><a href=\"http:\/\/www.sachagattino.com\/wp-content\/uploads\/2010\/12\/miyake-webmen-ss2005-rideau-de-pluie.mp3\">http:\/\/www.sachagattino.com\/wp-content\/uploads\/2010\/12\/miyake-webmen-ss2005-rideau-de-pluie.mp3<\/a><\/audio>\n<p><span style=\"color: #339966;\">Homme printemps\/\u00e9t\u00e9 2005<\/span>, pour m\u00e9tallophones et \u00e9lectronique (05:09)<\/p>\n<audio class=\"wp-audio-shortcode\" id=\"audio-1072-5\" preload=\"none\" style=\"width: 100%;\" controls=\"controls\"><source type=\"audio\/mpeg\" src=\"http:\/\/www.sachagattino.com\/wp-content\/uploads\/2019\/01\/web-men_-ss2006-frequencies.mp3?_=5\" \/><a href=\"http:\/\/www.sachagattino.com\/wp-content\/uploads\/2019\/01\/web-men_-ss2006-frequencies.mp3\">http:\/\/www.sachagattino.com\/wp-content\/uploads\/2019\/01\/web-men_-ss2006-frequencies.mp3<\/a><\/audio>\n<p><span style=\"color: #339966;\">Homme printemps\/\u00e9t\u00e9 2006 V1<\/span>, pour \u00e9lectronique et claps (04:21)<\/p>\n<audio class=\"wp-audio-shortcode\" id=\"audio-1072-6\" preload=\"none\" style=\"width: 100%;\" controls=\"controls\"><source type=\"audio\/mpeg\" src=\"http:\/\/www.sachagattino.com\/wp-content\/uploads\/2019\/01\/web-men_-ss2006-02.mp3?_=6\" \/><a href=\"http:\/\/www.sachagattino.com\/wp-content\/uploads\/2019\/01\/web-men_-ss2006-02.mp3\">http:\/\/www.sachagattino.com\/wp-content\/uploads\/2019\/01\/web-men_-ss2006-02.mp3<\/a><\/audio>\n<p><span style=\"color: #339966;\">Homme printemps\/\u00e9t\u00e9 2006 V2<\/span> (02:48)<\/p>\n<audio class=\"wp-audio-shortcode\" id=\"audio-1072-7\" preload=\"none\" style=\"width: 100%;\" controls=\"controls\"><source type=\"audio\/mpeg\" src=\"http:\/\/www.sachagattino.com\/wp-content\/uploads\/2019\/01\/web-men_-ss2006-05.mp3?_=7\" \/><a href=\"http:\/\/www.sachagattino.com\/wp-content\/uploads\/2019\/01\/web-men_-ss2006-05.mp3\">http:\/\/www.sachagattino.com\/wp-content\/uploads\/2019\/01\/web-men_-ss2006-05.mp3<\/a><\/audio>\n<p><span style=\"color: #339966;\">Homme printemps\/\u00e9t\u00e9 2006 V3<\/span> (02:54)<\/p>\n<audio class=\"wp-audio-shortcode\" id=\"audio-1072-8\" preload=\"none\" style=\"width: 100%;\" controls=\"controls\"><source type=\"audio\/mpeg\" src=\"http:\/\/www.sachagattino.com\/wp-content\/uploads\/2010\/12\/miyake-webwomen-ss2007-music-box.mp3?_=8\" \/><a href=\"http:\/\/www.sachagattino.com\/wp-content\/uploads\/2010\/12\/miyake-webwomen-ss2007-music-box.mp3\">http:\/\/www.sachagattino.com\/wp-content\/uploads\/2010\/12\/miyake-webwomen-ss2007-music-box.mp3<\/a><\/audio>\n<p><span style=\"color: #339966;\">Homme printemps\/\u00e9t\u00e9 2007<\/span>, pour \u00e9lectronique (02:44)<\/p>\n<p><strong>(((_IKEBANA SPEAKERS,<\/strong> installation sonore, ouverture de la nouvelle boutique, Paris, 2008<br \/>\n<img loading=\"lazy\" decoding=\"async\" class=\"\" src=\"http:\/\/www.sachagattino.com\/wp-content\/uploads\/2011\/01\/ikebana-speakers-montage.jpg\" alt=\"\" width=\"505\" height=\"386\" \/><\/p>\n<p><img loading=\"lazy\" decoding=\"async\" src=\"http:\/\/www.sachagattino.com\/wp-content\/uploads\/2011\/01\/ikebana-speakers-modedemploi.jpg\" alt=\"\" width=\"354\" height=\"146\" \/><br \/>\n\u2022 Une cr\u00e9ation sonore pour 10 haut-parleurs v\u00e9g\u00e9taux con\u00e7us par l&rsquo;ing\u00e9nieur Keiji Koga. En enlevant ou repla\u00e7ant une\u00a0feuille de curculigo, le visiteur peut d\u00e9clencher ou arr\u00eater l&rsquo;une des composantes de la partition sonore.<br \/>\n\u2022 \u00c9galement expos\u00e9 au <em>Museum of Contemporary Art of Tokyo<\/em> d\u2019octobre 2008 \u00e0 janvier 2009.<\/p>\n<audio class=\"wp-audio-shortcode\" id=\"audio-1072-9\" preload=\"none\" style=\"width: 100%;\" controls=\"controls\"><source type=\"audio\/mpeg\" src=\"http:\/\/www.sachagattino.com\/wp-content\/uploads\/2010\/12\/miyake-ikebana-speakers.mp3?_=9\" \/><a href=\"http:\/\/www.sachagattino.com\/wp-content\/uploads\/2010\/12\/miyake-ikebana-speakers.mp3\">http:\/\/www.sachagattino.com\/wp-content\/uploads\/2010\/12\/miyake-ikebana-speakers.mp3<\/a><\/audio>\n<p><span style=\"color: #339966;\"><em>Ikebana speakers<\/em> <\/span>(version st\u00e9r\u00e9o 02:06)<\/p>\n<p><strong>(((_<em>Yanomami, l&rsquo;esprit de la for\u00eat<\/em>, <\/strong>Exposition \u00e0 la Fondation Cartier pour l\u2019art contemporain, 2003<\/p>\n<p><img loading=\"lazy\" decoding=\"async\" class=\"alignnone wp-image-3795\" src=\"http:\/\/www.sachagattino.com\/wp-content\/uploads\/2019\/01\/EVE-YAN-2359.jpg\" alt=\"\" width=\"489\" height=\"337\" srcset=\"https:\/\/www.sachagattino.com\/wp-content\/uploads\/2019\/01\/EVE-YAN-2359.jpg 1000w, https:\/\/www.sachagattino.com\/wp-content\/uploads\/2019\/01\/EVE-YAN-2359-300x207.jpg 300w, https:\/\/www.sachagattino.com\/wp-content\/uploads\/2019\/01\/EVE-YAN-2359-768x529.jpg 768w\" sizes=\"auto, (max-width: 489px) 100vw, 489px\" \/><\/p>\n<p>Naoki Takizawa, <em>Mirekop\u00eb (miroirs chamaniques)<\/em>, 2003<br \/>\nMusique accompagnant la projection vid\u00e9o sur les miroirs<\/p>\n<audio class=\"wp-audio-shortcode\" id=\"audio-1072-10\" preload=\"none\" style=\"width: 100%;\" controls=\"controls\"><source type=\"audio\/mpeg\" src=\"http:\/\/www.sachagattino.com\/wp-content\/uploads\/2019\/01\/Miyake_Naoki-Takizawa-Mirekope-.mp3?_=10\" \/><a href=\"http:\/\/www.sachagattino.com\/wp-content\/uploads\/2019\/01\/Miyake_Naoki-Takizawa-Mirekope-.mp3\">http:\/\/www.sachagattino.com\/wp-content\/uploads\/2019\/01\/Miyake_Naoki-Takizawa-Mirekope-.mp3<\/a><\/audio>\n<p>&nbsp;<\/p>\n<p><strong>(((_<\/strong><strong>Issey Miyake (et Yayoi Kusama)<\/strong><em>, Making things, <\/em>Fondation Cartier pour l&rsquo;Art Contemporain, 2000<strong><em><br \/>\n<\/em><\/strong><img loading=\"lazy\" decoding=\"async\" class=\"alignnone size-full wp-image-4331\" src=\"http:\/\/www.sachagattino.com\/wp-content\/uploads\/2021\/05\/Issey-Miyake-Making-things-Fondation-Cartier-2000.jpg\" alt=\"\" width=\"638\" height=\"317\" srcset=\"https:\/\/www.sachagattino.com\/wp-content\/uploads\/2021\/05\/Issey-Miyake-Making-things-Fondation-Cartier-2000.jpg 638w, https:\/\/www.sachagattino.com\/wp-content\/uploads\/2021\/05\/Issey-Miyake-Making-things-Fondation-Cartier-2000-300x149.jpg 300w\" sizes=\"auto, (max-width: 638px) 100vw, 638px\" \/><br \/>\n<img loading=\"lazy\" decoding=\"async\" class=\"alignnone wp-image-4330\" src=\"http:\/\/www.sachagattino.com\/wp-content\/uploads\/2021\/05\/capture-d\u00e9fil\u00e9-01.jpg\" alt=\"\" width=\"639\" height=\"490\" srcset=\"https:\/\/www.sachagattino.com\/wp-content\/uploads\/2021\/05\/capture-d\u00e9fil\u00e9-01.jpg 1270w, https:\/\/www.sachagattino.com\/wp-content\/uploads\/2021\/05\/capture-d\u00e9fil\u00e9-01-300x230.jpg 300w, https:\/\/www.sachagattino.com\/wp-content\/uploads\/2021\/05\/capture-d\u00e9fil\u00e9-01-768x588.jpg 768w, https:\/\/www.sachagattino.com\/wp-content\/uploads\/2021\/05\/capture-d\u00e9fil\u00e9-01-1024x785.jpg 1024w\" sizes=\"auto, (max-width: 639px) 100vw, 639px\" \/><br \/>\nMusique du d\u00e9fil\u00e9 A-Poc et cr\u00e9ation de l&rsquo;environnement sonore pour YAYOI KUSAMA.<br \/>\nPr\u00e9sentation <a href=\"https:\/\/www.youtube.com\/watch?v=-44Hl4ZR5rg\" target=\"_blank\" rel=\"noopener\">ICI<\/a>.<\/p>\n<p>&nbsp;<\/p>\n","protected":false},"excerpt":{"rendered":"<p>(((_ILLUSTRATION MUSICALE BOUTIQUES \u2022\u00a0Conception de banques musicales renouvel\u00e9e 2 fois par an pour New-York (2004-2008), Paris (2007-2009) et pour toutes les boutiques au Japon depuis 2008. [s\u00e9lections de titres r\u00e9alis\u00e9es avec Walter Scassolini (2012-2018)] (((_D\u00c9FILES homme\/femme, 1999-2011 \u2022 Conception, cr\u00e9ation, illustration, adaptations et sc\u00e9narisation sonore. \u2022 Plus de 50 d\u00e9fil\u00e9s homme et femme \u00e0\u00a0Paris et\u00a0Milan. [&hellip;]<\/p>\n","protected":false},"author":1,"featured_media":0,"parent":197,"menu_order":2,"comment_status":"closed","ping_status":"closed","template":"","meta":{"footnotes":""},"class_list":["post-1072","page","type-page","status-publish","hentry"],"_links":{"self":[{"href":"https:\/\/www.sachagattino.com\/index.php?rest_route=\/wp\/v2\/pages\/1072","targetHints":{"allow":["GET"]}}],"collection":[{"href":"https:\/\/www.sachagattino.com\/index.php?rest_route=\/wp\/v2\/pages"}],"about":[{"href":"https:\/\/www.sachagattino.com\/index.php?rest_route=\/wp\/v2\/types\/page"}],"author":[{"embeddable":true,"href":"https:\/\/www.sachagattino.com\/index.php?rest_route=\/wp\/v2\/users\/1"}],"replies":[{"embeddable":true,"href":"https:\/\/www.sachagattino.com\/index.php?rest_route=%2Fwp%2Fv2%2Fcomments&post=1072"}],"version-history":[{"count":99,"href":"https:\/\/www.sachagattino.com\/index.php?rest_route=\/wp\/v2\/pages\/1072\/revisions"}],"predecessor-version":[{"id":4336,"href":"https:\/\/www.sachagattino.com\/index.php?rest_route=\/wp\/v2\/pages\/1072\/revisions\/4336"}],"up":[{"embeddable":true,"href":"https:\/\/www.sachagattino.com\/index.php?rest_route=\/wp\/v2\/pages\/197"}],"wp:attachment":[{"href":"https:\/\/www.sachagattino.com\/index.php?rest_route=%2Fwp%2Fv2%2Fmedia&parent=1072"}],"curies":[{"name":"wp","href":"https:\/\/api.w.org\/{rel}","templated":true}]}}