{"id":4780,"date":"2022-11-14T16:52:11","date_gmt":"2022-11-14T14:52:11","guid":{"rendered":"http:\/\/www.sachagattino.com\/?page_id=4780"},"modified":"2022-12-11T17:55:22","modified_gmt":"2022-12-11T15:55:22","slug":"_le-mbira","status":"publish","type":"page","link":"https:\/\/www.sachagattino.com\/?page_id=4780","title":{"rendered":"_Le mbira"},"content":{"rendered":"<p>Le rare <a href=\"https:\/\/www.arraymbira.com\/\" target=\"_blank\" rel=\"noopener\">mbira 5 octaves<\/a> chromatique fabriqu\u00e9 par Bill Wesley aux USA est une large version contemporaine inspir\u00e9e d\u2019anciens lamellophones d\u2019Afrique sub-saharienne.\u00a0<strong>\u00c9lectro-acoustique avec ses micros contact \u00e0 l\u2019int\u00e9rieur<\/strong>, cela lui permet d\u2019\u00eatre <strong>trait\u00e9 en temps r\u00e9el<\/strong> (\u00e0 l\u2019instar d\u2019une guitare \u00e9lectrique par exemple). Toute les octaves \u00e9tant doubl\u00e9es, une moiti\u00e9 de l\u2019instrument est <strong>pr\u00e9par\u00e9e avec des aimants<\/strong> ce qui lui conf\u00e8re d\u2019autres possibilit\u00e9s acoustiques plus percussives avec un certain charme de la dissonance, tout en gardant l\u2019ampleur des registres. Avec <strong><em>La<\/em> <em>Combinatoire \u00e0 Combines<\/em><\/strong><em>, <\/em>c\u2019est l\u2019instrument harmonique et m\u00e9lodique id\u00e9al.<\/p>\n<p><img loading=\"lazy\" decoding=\"async\" class=\"alignnone wp-image-4784\" src=\"http:\/\/www.sachagattino.com\/wp-content\/uploads\/2022\/11\/mbira_montage01mini.jpg\" alt=\"\" width=\"537\" height=\"663\" srcset=\"https:\/\/www.sachagattino.com\/wp-content\/uploads\/2022\/11\/mbira_montage01mini.jpg 1476w, https:\/\/www.sachagattino.com\/wp-content\/uploads\/2022\/11\/mbira_montage01mini-243x300.jpg 243w, https:\/\/www.sachagattino.com\/wp-content\/uploads\/2022\/11\/mbira_montage01mini-768x949.jpg 768w, https:\/\/www.sachagattino.com\/wp-content\/uploads\/2022\/11\/mbira_montage01mini-829x1024.jpg 829w\" sizes=\"auto, (max-width: 537px) 100vw, 537px\" \/><\/p>\n<p>On peut par exemple l\u2019entendre ici accompagnant le clavier d&rsquo;\u00e9chantillons :<br \/>\nCombinatoire \u00e0 Combines V2 01 2 (2021)<\/p>\n<audio class=\"wp-audio-shortcode\" id=\"audio-4780-1\" preload=\"none\" style=\"width: 100%;\" controls=\"controls\"><source type=\"audio\/mpeg\" src=\"http:\/\/www.sachagattino.com\/wp-content\/uploads\/2022\/11\/Combinatoire-\u00e0-combines-V2-01-2.mp3?_=1\" \/><a href=\"http:\/\/www.sachagattino.com\/wp-content\/uploads\/2022\/11\/Combinatoire-\u00e0-combines-V2-01-2.mp3\">http:\/\/www.sachagattino.com\/wp-content\/uploads\/2022\/11\/Combinatoire-\u00e0-combines-V2-01-2.mp3<\/a><\/audio>\n<p>&nbsp;<\/p>\n<p>O\u00f9 ici avec distorsion + le clavier d&rsquo;\u00e9chantillons (\u00e0 partir de 3&rsquo;15\u00a0\u00bb!) :<br \/>\nCombinatoire \u00e0 Combines V2 08 01 (2021)<\/p>\n<audio class=\"wp-audio-shortcode\" id=\"audio-4780-2\" preload=\"none\" style=\"width: 100%;\" controls=\"controls\"><source type=\"audio\/mpeg\" src=\"http:\/\/www.sachagattino.com\/wp-content\/uploads\/2022\/11\/Combinatoire-\u00e0-combines-V2-08-01.mp3?_=2\" \/><a href=\"http:\/\/www.sachagattino.com\/wp-content\/uploads\/2022\/11\/Combinatoire-\u00e0-combines-V2-08-01.mp3\">http:\/\/www.sachagattino.com\/wp-content\/uploads\/2022\/11\/Combinatoire-\u00e0-combines-V2-08-01.mp3<\/a><\/audio>\n<p>&nbsp;<\/p>\n<p>Ici c&rsquo;est avec la partie pr\u00e9par\u00e9e avec des aimants :<br \/>\nTest (2019)<\/p>\n<audio class=\"wp-audio-shortcode\" id=\"audio-4780-3\" preload=\"none\" style=\"width: 100%;\" controls=\"controls\"><source type=\"audio\/mpeg\" src=\"http:\/\/www.sachagattino.com\/wp-content\/uploads\/2022\/11\/Mbira-aimants-s\u00e9qu-02-LONG.mp3?_=3\" \/><a href=\"http:\/\/www.sachagattino.com\/wp-content\/uploads\/2022\/11\/Mbira-aimants-s\u00e9qu-02-LONG.mp3\">http:\/\/www.sachagattino.com\/wp-content\/uploads\/2022\/11\/Mbira-aimants-s\u00e9qu-02-LONG.mp3<\/a><\/audio>\n<p>&nbsp;<\/p>\n<p>Ici c&rsquo;est un morceau avec une pr\u00e9paration au papier aluminium :<br \/>\n<em>Retournement<\/em> pour mbira et papier aluminium, guimbarde et <a href=\"http:\/\/www.sachagattino.com\/?page_id=2989\" target=\"_blank\" rel=\"noopener\">ensemble #2<\/a> (2020)<\/p>\n<audio class=\"wp-audio-shortcode\" id=\"audio-4780-4\" preload=\"none\" style=\"width: 100%;\" controls=\"controls\"><source type=\"audio\/mpeg\" src=\"http:\/\/www.sachagattino.com\/wp-content\/uploads\/2022\/11\/14_Retournement.mp3?_=4\" \/><a href=\"http:\/\/www.sachagattino.com\/wp-content\/uploads\/2022\/11\/14_Retournement.mp3\">http:\/\/www.sachagattino.com\/wp-content\/uploads\/2022\/11\/14_Retournement.mp3<\/a><\/audio>\n<p>&nbsp;<\/p>\n<p><img loading=\"lazy\" decoding=\"async\" class=\"alignnone wp-image-4794\" src=\"http:\/\/www.sachagattino.com\/wp-content\/uploads\/2022\/11\/mbira_montage02mini.jpg\" alt=\"\" width=\"546\" height=\"730\" srcset=\"https:\/\/www.sachagattino.com\/wp-content\/uploads\/2022\/11\/mbira_montage02mini.jpg 1476w, https:\/\/www.sachagattino.com\/wp-content\/uploads\/2022\/11\/mbira_montage02mini-225x300.jpg 225w, https:\/\/www.sachagattino.com\/wp-content\/uploads\/2022\/11\/mbira_montage02mini-768x1026.jpg 768w, https:\/\/www.sachagattino.com\/wp-content\/uploads\/2022\/11\/mbira_montage02mini-766x1024.jpg 766w\" sizes=\"auto, (max-width: 546px) 100vw, 546px\" \/><\/p>\n","protected":false},"excerpt":{"rendered":"<p>Le rare mbira 5 octaves chromatique fabriqu\u00e9 par Bill Wesley aux USA est une large version contemporaine inspir\u00e9e d\u2019anciens lamellophones d\u2019Afrique sub-saharienne.\u00a0\u00c9lectro-acoustique avec ses micros contact \u00e0 l\u2019int\u00e9rieur, cela lui permet d\u2019\u00eatre trait\u00e9 en temps r\u00e9el (\u00e0 l\u2019instar d\u2019une guitare \u00e9lectrique par exemple). Toute les octaves \u00e9tant doubl\u00e9es, une moiti\u00e9 de l\u2019instrument est pr\u00e9par\u00e9e avec [&hellip;]<\/p>\n","protected":false},"author":1,"featured_media":0,"parent":4547,"menu_order":0,"comment_status":"closed","ping_status":"closed","template":"","meta":{"footnotes":""},"class_list":["post-4780","page","type-page","status-publish","hentry"],"_links":{"self":[{"href":"https:\/\/www.sachagattino.com\/index.php?rest_route=\/wp\/v2\/pages\/4780","targetHints":{"allow":["GET"]}}],"collection":[{"href":"https:\/\/www.sachagattino.com\/index.php?rest_route=\/wp\/v2\/pages"}],"about":[{"href":"https:\/\/www.sachagattino.com\/index.php?rest_route=\/wp\/v2\/types\/page"}],"author":[{"embeddable":true,"href":"https:\/\/www.sachagattino.com\/index.php?rest_route=\/wp\/v2\/users\/1"}],"replies":[{"embeddable":true,"href":"https:\/\/www.sachagattino.com\/index.php?rest_route=%2Fwp%2Fv2%2Fcomments&post=4780"}],"version-history":[{"count":26,"href":"https:\/\/www.sachagattino.com\/index.php?rest_route=\/wp\/v2\/pages\/4780\/revisions"}],"predecessor-version":[{"id":4843,"href":"https:\/\/www.sachagattino.com\/index.php?rest_route=\/wp\/v2\/pages\/4780\/revisions\/4843"}],"up":[{"embeddable":true,"href":"https:\/\/www.sachagattino.com\/index.php?rest_route=\/wp\/v2\/pages\/4547"}],"wp:attachment":[{"href":"https:\/\/www.sachagattino.com\/index.php?rest_route=%2Fwp%2Fv2%2Fmedia&parent=4780"}],"curies":[{"name":"wp","href":"https:\/\/api.w.org\/{rel}","templated":true}]}}